3 - 43031?
-44024
In base 13, what is -154 + -263?
-3b7
In base 8, what is 67 - 1504?
-1415
In base 15, what is 1c5 - -a3?
278
In base 6, what is 10211155 - 3?
10211152
In base 11, what is -19 + -25455?
-25473
In base 8, what is 0 + -562602?
-562602
In base 4, what is 22 - -1033022?
1033110
In base 4, what is -121 - 2003202?
-2003323
In base 14, what is 28443 - -18?
2845b
In base 16, what is -3 + 4767?
4764
In base 10, what is 31901 - 6?
31895
In base 12, what is -141 - -3a9?
268
In base 11, what is -875a - -6?
-8754
In base 2, what is -10010000 + 1000100111100?
1000010101100
In base 13, what is -26 - 155c1?
-15617
In base 5, what is 1241204 - -30?
1241234
In base 16, what is 1 - -665d?
665e
In base 3, what is 11 - 1020212202?
-1020212121
In base 3, what is 1 + 1012211101202?
1012211101210
In base 14, what is -33ba + 37?
-3383
In base 8, what is 3 + 110614?
110617
In base 16, what is -146a9 + 21?
-14688
In base 3, what is 11 - -110020001?
110020012
In base 4, what is 11 + 10201001?
10201012
In base 13, what is -6 - -24976?
24970
In base 5, what is -1042 + -214?
-1311
In base 10, what is -9 - 347?
-356
In base 6, what is 13 + 102010?
102023
In base 12, what is -1145 - 19?
-1162
In base 9, what is -21 + -10285?
-10316
In base 4, what is 12 - -322123?
322201
In base 12, what is 1a23a + 2?
1a240
In base 9, what is -13 + 23305?
23282
In base 14, what is -484 + 54?
-430
In base 12, what is -1781 - -33?
-174a
In base 13, what is 15764 - 5?
1575c
In base 13, what is -6 + -27c0?
-27c6
In base 8, what is -321 + 566?
245
In base 16, what is 51c + 7f9?
d15
In base 13, what is 14 + 2a4?
2b8
In base 2, what is 1110011010111010 - -1100000?
1110011100011010
In base 11, what is 2413 + -10?
2403
In base 7, what is 124 + -6254?
-6130
In base 7, what is -1042 + -2?
-1044
In base 12, what is -879 + -53?
-910
In base 2, what is -1 + -100100101011101100?
-100100101011101101
In base 14, what is 3 - -131b0?
131b3
In base 15, what is 2 - 21581?
-2157e
In base 8, what is -1623 + 0?
-1623
In base 15, what is -a - -197?
18c
In base 10, what is 2 - -33057?
33059
In base 13, what is -5a1b - 22?
-5a40
In base 8, what is -4 + 173673?
173667
In base 7, what is -62345 - -15?
-62330
In base 7, what is 661 - 111?
550
In base 9, what is 850532 - -1?
850533
In base 14, what is -5b0d + 4?
-5b09
In base 9, what is -1264401 - 3?
-1264404
In base 2, what is -1111010000 - -1001011100?
-101110100
In base 4, what is -31020033 + -320?
-31021013
In base 3, what is -101001210102 + 2?
-101001210100
In base 14, what is -6844 - 159?
-699d
In base 9, what is 212 + -532?
-320
In base 10, what is 5 - 806249?
-806244
In base 13, what is -63c + -65?
-6a4
In base 3, what is -11010021 - 11?
-11010102
In base 7, what is 130 + 30403?
30533
In base 8, what is 761 + 22616?
23577
In base 13, what is 4c7 - 10?
4b7
In base 8, what is -20 + -6456?
-6476
In base 4, what is 132132 - -1300?
200032
In base 3, what is 212121212002122 - -2?
212121212002201
In base 15, what is 8 + -86d?
-865
In base 4, what is 10 + 231101033?
231101103
In base 6, what is -1 + 30253?
30252
In base 14, what is -4 - b91d3?
-b91d7
In base 3, what is 1202021 + -2000200?
-21102
In base 15, what is 1 + -2e93?
-2e92
In base 9, what is -5605 - 34?
-5640
In base 3, what is 1211 - -112201?
121112
In base 13, what is -85455 - -4?
-85451
In base 5, what is -2311003 + -103?
-2311111
In base 12, what is -b43 + 340?
-803
In base 14, what is 473 + 7?
47a
In base 8, what is 2767 + 26?
3015
In base 14, what is 104 + -64c?
-548
In base 6, what is 2202341 + 12?
2202353
In base 5, what is -4202033 - -3?
-4202030
In base 2, what is -1101101001111 + 10?
-1101101001101
In base 6, what is 10 + 2005?
2015
In base 3, what is -201102100002 - 2?
-201102100011
In base 13, what is 17 + 1c27?
1c41
In base 7, what is -22634 - -2?
-22632
In base 4, what is -2330 - 13230?
-22220
In base 13, what is 36b - 224?
147
In base 16, what is -962f5 + 4?
-962f1
In base 3, what is 11 + 1020102010?
1020102021
In base 7, what is -10026131 + -3?
-10026134
In base 11, what is -a + -2642?
-2651
In base 16, what is 4 - -f6a?
f6e
In base 10, what is -5 - -63456?
63451
In base 13, what is 1427 + -8?
141c
In base 6, what is -3 + 20311540?
20311533
In base 16, what is -2 + -3259?
-325b
In base 11, what is -1893 - -21?
-1872
In base 9, what is -854 + 1?
-853
In base 4, what is -1100 + 11?
-1023
In base 8, what is 1707 + -2276?
-367
In base 13, what is 1133 + 30c?
1442
In base 13, what is -82 - 9c?
-151
In base 9, what is 45 + 42028?
42074
In base 7, what is -3520116 + 5?
-3520111
In base 8, what is 35015 + -27?
34766
In base 16, what is -4f3a + -12?
-4f4c
In base 2, what is -110101010100 + 100001?
-110100110011
In base 14, what is 316198 - 1?
316197
In base 2, what is 10101100001 + -10001011?
10011010110
In base 6, what is -4 - 210442?
-210450
In base 5, what is -1004 + -11201?
-12210
In base 13, what is 11 - 6293?
-6282
In base 6, what is 11043 + 14?
11101
In base 16, what is 5 + -1481c?
-14817
In base 3, what is -1010221 - -22010?
-211211
In base 12, what is -150 + 415?
285
In base 14, what is 5 + 703?
708
In base 8, what is 2 + 6153?
6155
In base 13, what is 10 - -193b?
194b
In base 2, what is -10 + 100100110001011110?
100100110001011100
In base 12, what is -44 - -566?
522
In base 11, what is -1 - -5a1?
5a0
In base 10, what is 22 + -26323?
-26301
In base 6, what is 335 - -3210?
3545
In base 6, what is -24 + -15042?
-15110
In base 5, what is 3 + 1131224?
1131232
In base 5, what is 3 - 22313?
-22310
In base 3, what is -10220211 + 1102?
-10212102
In base 14, what is -6ab + -1c?
-6c9
In base 16, what is 1 + dd8f?
dd90
In base 5, what is -10 + -323412?
-323422
In base 13, what is 1 - -65889?
6588a
In base 4, what is 3023 - -3233331?
3303020
In base 11, what is a1819 - 11?
a1808
In base 6, what is 113 + -35322?
-35205
In base 3, what is -120001021210122 + -12?
-120001021210211
In base 2, what is 1011100111 + -11100?
1011001011
In base 5, what is 101142 + -10230?
40412
In base 7, what is -16462 + 21?
-16441
In base 15, what is 773b + 5?
7741
In base 12, what is 20b - 13b9?
-11aa
In base 4, what is 12321120 + 123?
12321303
In base 16, what is 444 + -37?
40d
In base 14, what is c4918 + b?
c4925
In base 15, what is -1 - 8756?
-8757
In base 4, what is 3331111 - -22?
3331133
In base 7, what is -52052 - 5?
-52060
In base 15, what is 3 + -a5e6?
-a5e3
In base 13, what is -1a + -32505?
-32522
In base 4, what is -310 - 201300?
-202210
In base 9, what is 13421 + -10?
13411
In base 6, what is 0 - -3423043?
3423043
In base 6, what is -4 + -1453131?
-1453135
In base 14, what is -b6 + -28?
-100
In base 7, what is -12652 + -103?
-13055
In base 13, what is -171c4b + 5?
-171c46
In base 2, what is 11 - 1001011001111?
-1001011001100
In base 7, what is 1 - 133622?
-133621
In base 5, what is 203230 + -1422?
201303
In base 10, what is 20 - -2037?
2057
In base 4, what is 13 + -123131033?
-123131020
In base 12, what is 15 - 264?
-24b
In base 9, what is -554 - 4220?
-4774
In base 2, what is -10010011001111111110 + 11?
-10010011001111111011
In base 13, what is -13b8a - 59?
-13c16
In base 12, what is 4 - 2742a?
-27426
In base 6, what is -13112 + 115?
-12553
In base 4, what is -132000 + 23332?
-102002
In base 4, what is 23 - -31301?
31330
In base 10, what is 145059 + -33?
145026
In base 6, what is 200011 + 2?
200013
In base 5, what is 4444 - -1012?
11011
In base 9, what is -6 + 21303?
21286
In base 4, what is -10 - -10003012?
10003002
In base 5, what is -11444 + -320?
-12314
In base 4, what is -20310 - -21123?
213
In base 12, what is -3 - -494720?
494719
In base 4, what is 2 + -331230101?
-331230033
In base 5, what is 1212 + 20040?
21302
In base 7, what is 0 - -3432?
3432
In base 14, what is 4 - -ba8?
bac
In base 14, what is 13 + -149b?
-1488
In base 10, what is -81 - 602?
-683
In base 5, what is 1120 - 22212?
-21042
In base 13, what is 0 + -1a0a0?
-1a0a0
In base 13, what is 5 - -755a?
7562
In base 5, what is 2430021 - 34?
2424432
In base 8, what is 22771 + 3?
22774
In base 3, what is 10222001100 + 22?
10222001122
In base 9, what is 116525 - -1?
116526
In base 13, what is 2 - 1209?
-1207
In base 13, what is -41 - -775?
734
In base 11, what is -1 - -100a5?
100a4
In base 11, what is -a9 - -13439?
13340
In base 2, what 